w**3 - 9*w**2 - 3*w - 13. Give l(-7).
-90
Let y(h) = h**3 + 2*h**2 - 12*h + 2. Calculate y(-6).
-70
Let s(r) = r**2 - 5*r - 397. Calculate s(26).
149
Let c(m) = -45*m - 397. Calculate c(-10).
53
Let y(c) = -c**3 + 22*c**2 + 18*c - 1212. Determine y(20).
-52
Let v(u) = u**3 + 51*u**2 + 275*u + 240. Give v(-45).
15
Let m(v) = -7*v - 146. Determine m(-34).
92
Let x(o) = 19*o**2 - 340*o + 291. What is x(17)?
2
Let z(h) = 21*h + 896. Calculate z(-44).
-28
Let r(y) = 1393*y + 12491. Give r(-9).
-46
Let t(v) = v**3 - 167*v**2 - 2929*v + 176. What is t(183)?
-7
Let v(k) = 3*k**3 + 173*k**2 - 62*k - 286. Determine v(-58).
-54
Let c(n) = -22*n**2 - 2488*n - 228. Give c(-113).
-2
Let m(l) = 12*l**2 - 11*l + 18. Determine m(4).
166
Let h(l) = 200*l - 1202. Give h(6).
-2
Let j(b) = -b**3 + 108*b**2 - 633*b + 135. Determine j(6).
9
Let x(r) = -r**3 + 32*r**2 - 27*r - 55. What is x(31)?
69
Let p(t) = 11*t**2 + 82*t + 43. Calculate p(-10).
323
Let y(m) = m - 65. Determine y(52).
-13
Let p(d) = -93*d - 2523. What is p(-27)?
-12
Let c(i) = -67*i + 5423. Calculate c(81).
-4
Let g(v) = v**3 + 46*v**2 + 53*v + 229. Calculate g(-45).
-131
Let p(r) = 9*r + 46. Calculate p(-6).
-8
Let l(i) = -13*i**2 - 152*i - 28. Calculate l(-12).
-76
Let i(p) = -4*p + 520. Calculate i(55).
300
Let n(y) = y**3 - 6*y**2 - 61*y + 21. Determine n(12).
153
Let l(g) = -2*g**2 + 3*g - 30. Give l(9).
-165
Let b(g) = 96*g + 628. What is b(-6)?
52
Let p(r) = -r**3 - 51*r**2 - 248*r - 829. Give p(-46).
-1
Let r(a) = 832*a + 42356. What is r(-51)?
-76
Let o(m) = -4*m**2 - 13*m - 8. What is o(6)?
-230
Let t(w) = -w**3 - 19*w**2 - 29*w - 961. Calculate t(-20).
19
Let r(j) = j**3 + 28*j**2 + 195*j + 47. Determine r(-12).
11
Let b(d) = -2*d**3 + 28*d**2 - 14*d - 161. Calculate b(10).
499
Let l(r) = -30*r - 191. What is l(-5)?
-41
Let q(i) = -i**3 - 110*i**2 + 108*i - 325. Give q(-111).
8
Let s(l) = -50*l + 1139. What is s(23)?
-11
Let w(a) = 2*a**3 + 228*a**2 + 455*a + 627. Give w(-112).
-157
Let v(y) = y**2 + 143*y - 9. Determine v(0).
-9
Let p(h) = -2*h**3 - 7*h**2 + 16*h + 23. Calculate p(-7).
254
Let t(d) = -1822*d + 1889. Give t(1).
67
Let i(p) = 462*p - 35585. Give i(77).
-11
Let a(s) = -30*s + 4. Determine a(5).
-146
Let t(j) = j**3 + 18*j**2 - 43*j - 782. Give t(-18).
-8
Let a(j) = 2*j**2 - 43*j - 143. What is a(20)?
-203
Let l(q) = 45*q - 273. Calculate l(6).
-3
Let t(d) = 26*d**3 - d**2 - 7*d - 5. Calculate t(-1).
-25
Let p(g) = -g**2 - 8*g - 46. Give p(-3).
-31
Let d(h) = -h**3 + 24*h**2 + 52*h - 463. Calculate d(-5).
2
Let u(n) = -6*n**2 + 537*n + 259. Calculate u(90).
-11
Let j(i) = 23*i**2 + 781*i - 31. What is j(-34)?
3
Let s(t) = 12*t + 67. Determine s(4).
115
Let s(l) = l - 9. What is s(-69)?
-78
Let p(j) = -j**3 - 58*j**2 - 203*j + 428. Give p(-54).
-274
Let b(s) = -125*s + 1350. What is b(14)?
-400
Let q(n) = n**3 + 146*n**2 + 284*n - 271. Give q(-144).
305
Let p(b) = 7*b**2 + 35*b - 38. Calculate p(-6).
4
Let p(f) = f**3 - 52*f**2 - 10*f + 47. What is p(52)?
-473
Let m(r) = r**3 + 3*r**2 - 30*r - 84. What is m(-6)?
-12
Let w(l) = 58*l + 474. Calculate w(-8).
10
Let f(z) = -3*z - 125. What is f(0)?
-125
Let p(s) = -14*s**2 + 9*s + 19. Determine p(3).
-80
Let q(g) = -66*g + 2085. Determine q(31).
39
Let x(y) = -118*y + 693. What is x(6)?
-15
Let v(a) = -39*a + 61. Determine v(4).
-95
Let c(w) = -w**2 + 3*w + 40. Give c(0).
40
Let p(d) = -d**3 + 15*d**2 - 30*d - 66. Determine p(13).
-118
Let q(d) = -2*d**3 - 188*d**2 + 190*d + 192. Give q(-95).
192
Let n(m) = -236*m**3 - 10*m + 9. What is n(1)?
-237
Let a(x) = -3*x**2 + 64*x - 257. Determine a(15).
28
Let b(t) = t**2 + 133*t + 999. Calculate b(-8).
-1
Let b(g) = -2*g - 212. What is b(-109)?
6
Let x(r) = -2*r**2 - 248*r + 1852. Determine x(-130).
292
Let d(b) = -65*b**2 - 10*b - 9. Give d(-1).
-64
Let t(n) = 3*n**2 + 37*n + 130. What is t(-5)?
20
Let j(k) = k**3 + 155*k**2 + 1594*k + 1421. What is j(-144)?
-19
Let t(b) = 6*b**3 + 37*b**2 + 8*b + 10. What is t(-7)?
-291
Let w(f) = -29*f - 1107. Calculate w(-38).
-5
Let s(p) = -9*p**3 + 81*p**2 + 89*p + 10. Calculate s(10).
0
Let k(u) = -u**2 - 7*u - 10. What is k(-16)?
-154
Let l(j) = 551*j - 2211. Calculate l(4).
-7
Let n(i) = 19*i + 621. Calculate n(-26).
127
Let p(o) = 121*o - 112. Determine p(1).
9
Let w(g) = -44*g + 246. Give w(13).
-326
Let j(u) = -12*u - 1247. Calculate j(-103).
-11
Let j(m) = -m**3 - 10*m**2 + 9*m + 179. Determine j(-9).
17
Let f(u) = -215*u - 1023. What is f(-7)?
482
Let w(t) = -92*t**2 - 21*t - 21. Calculate w(-1).
-92
Let r(v) = 8*v**2 + v - 15. Give r(3).
60
Let m(j) = -84*j + 2860. Determine m(34).
4
Let s(b) = 8*b**2 + 370*b + 368. What is s(-1)?
6
Let x(a) = 3*a**2 + 32*a - 97. Determine x(-23).
754
Let i(v) = -115*v - 3681. What is i(-32)?
-1
Let n(k) = -4*k**3 + k**2 - 2*k + 7. What is n(2)?
-25
Let o(f) = 3*f**2 - 114*f - 1614. What is o(49)?
3
Let m(v) = -140*v - 853. Calculate m(-6).
-13
Let h(v) = v**2 + 380*v - 2305. What is h(6)?
11
Let s(g) = 4*g**3 + 168*g**2 + 27*g + 1138. Give s(-42).
4
Let q(r) = 9*r**2 + 14*r - 44. What is q(5)?
251
Let q(m) = -3*m**2 + 16*m - 6. Give q(8).
-70
Let b(q) = 67*q**2 - 62*q - 8. Give b(1).
-3
Let z(a) = 147*a - 1184. Give z(8).
-8
Let b(f) = 287*f**3 - 2*f**2 + 4. Calculate b(-1).
-285
Let w(g) = 123*g + 11982. Calculate w(-98).
-72
Let t(l) = 40*l**2 - 82*l - 3. Give t(2).
-7
Let b(q) = 302*q + 2422. What is b(-8)?
6
Let g(x) = x**3 - 13*x**2 - x - 111. Give g(14).
71
Let i(s) = -24517*s - 49039. Calculate i(-2).
-5
Let b(w) = -w**2 + 55*w - 290. Calculate b(6).
4
Let l(p) = 343*p - 15794. Calculate l(46).
-16
Let w(n) = 22*n**2 + 17*n - 18. Determine w(1).
21
Let v(o) = -o**2 + 37*o + 123. Give v(40).
3
Let t(v) = -v**3 - 2*v + 217. Give t(0).
217
Let a(f) = -f**3 + 41*f - 25. Give a(6).
5
Let l(m) = 137*m - 23428. What is l(171)?
-1
Let u(g) = -g + 124. What is u(79)?
45
Let d(f) = f**3 + 7*f**2 + 5*f + 100. Calculate d(-8).
-4
Let b(n) = 97*n - 809. Determine b(9).
64
Let f(c) = c**3 - 85*c**2 - 91*c + 432. Calculate f(86).
2
Let o(v) = 782*v - 1636. Give o(2).
-72
Let n(j) = -j**2 + 52*j + 2247. Determine n(-28).
7
Let i(j) = 2*j**3 + 147*j**2 - 74*j + 13. Determine i(-74).
13
Let p(c) = -33*c + 52. Calculate p(3).
-47
Let p(a) = 5*a**3 + 395*a**2 - 3*a - 132. Give p(-79).
105
Let c(m) = -5*m**3 - 130*m**2 + 9*m + 127. Give c(-26).
-107
Let b(i) = 9*i**2 + 15*i + 87. Calculate b(-7).
423
Let f(l) = 1770*l + 12230. Give f(-7).
-160
Let h(l) = 186*l + 24720. What is h(-133)?
-18
Let u(l) = 2*l**2 + 69*l + 408. Calculate u(-8).
-16
Let d(f) = f**2 + 24*f + 8. Give d(-23).
-15
Let q(a) = -198*a - 1498. Give q(-8).
86
Let g(u) = -3*u**2 - 26*u + 17. Calculate g(-10).
-23
Let v(s) = 9*s + 200. Calculate v(-53).
-277
Let w(c) = -6*c**3 + 113*c**2 + 16*c + 20. Give w(19).
-37
Let g(k) = -14*k - 1920. Calculate g(-137).
-2
Let m(x) = 190*x - 12932. Determine m(68).
-12
Let n(x) = -582*x - 3476. Determine n(-6).
16
Let i(x) = 158*x - 1838. What is i(12)?
58
Let c(s) = -2*s**3 - 13*s**2 - 17*s - 57. Determine c(-6).
9
Let x(l) = -63*l**3 - 546*l**2 + 189*l + 10. Give x(-9).
10
Let t(r) = -246*r - 425. Determine t(-2).
67
Let n(s) = -2231*s + 40154. Give n(18).
-4
Let k(p) = 205*p - 767. What is k(4)?
53
Let h(c) = 4*c - 131. Give h(-37).
-279
Let j(l) = l**3 - 72*l**2 - 71*l - 65. Give j(73).
81
Let u(v) = 9*v**2 - 48*v - 99. Determine u(7).
6
Let t(z) = 61*z + 1253. Give t(-21).
-28
Let x(u) = 62*u**2 + 4*u + 67. Give x(0).
67
Let h(r) = r**2 - 749*r + 4. Determine h(0).
4
Let t(x) = 27*x - 209. Determine t(14).
169
Let r(l) = l**3 + 3*l**2 + l + 77. What is r(-6)?
-37
Let t(a) = 142*a - 850. What is t(6)?
2
Let j(z) = 2*z**2 + 170*z - 5. Determine j(-85).
-5
Let k(m) = -m**2 - 70*m - 198. Determine k(-67).
3
Let c(m) = -101*m**2 - 19*m + 23. What is c(1)?
-97
Let t(j) = 69*j - 5149. Determine t(75).
26
Let y(i) = -i**3 + 91*i**2 + 589*i - 672. Determine y(97).
7
Let k(d) = d**3 + 6*d**2 + 1265*d + 5017. Calculate k(-4).
-11
Let z(l) = l**2 + 95*l + 1292. Determine z(-16).
28
Let h(o) = -9*o**3 + 64*o**2 - o - 19. What is h(5)?
451
Let j(z) = 23*z**2 + 32*z + 35. Determine j(-1).
26
Let z(p) = -25*p + 62. Give z(17).
-363
Let q(l) = -l**3 - 7*l**2 + 143*l + 1010. Calculate q(-7).
9
Let r(o) = -4*o**3 + 28*o*